late the greatest common factor of k and 135.
45
Let j = -124 - -206. Suppose n = 8*b - 11*b - 232, 0 = -b + 4*n - 60. Let w = j + b. Calculate the greatest common factor of w and 6.
6
Let g(c) = 43*c + 1138. Let d be g(-25). What is the highest common divisor of d and 35091?
63
Let f(w) = w**2 - 8*w - 11. Let r be 1 + 440/50 + (-1)/(-5). Let j be f(r). Calculate the greatest common divisor of 48 and j.
3
Let j(f) = 6*f**2 - 6. Let d be j(10). Suppose -69*n - d = -78*n. What is the greatest common factor of 1650 and n?
66
Suppose 400 = 31*v + 90. Let s be 2/(-7) - (-138)/42. Let w be 10*(-1 + s)*2. Calculate the highest common factor of w and v.
10
Let z be (-652)/(-16)*8 - -2. Calculate the highest common factor of z and 24764.
164
Let w = -7 - -8. Suppose 50*m = 45*m - 25, -4*m + 300 = 5*z. Calculate the greatest common factor of z and w.
1
Let i be (2 + 1)*(-4)/4. Let o be i + (-1)/(-2)*50. Suppose -j = 3, 5*j = 72*s - 74*s + 469. Calculate the greatest common divisor of o and s.
22
Let d(p) = -p + 9. Let q be d(6). Suppose -3*x = -5*c - 154, 4*x + q*c - 168 = 76. Let w = -27 + x. What is the highest common divisor of w and 341?
31
Let t be ((-219)/21 - (-65 - -54)) + 1042/14. Let j be 97 - ((-15)/5 - 0). What is the greatest common factor of t and j?
25
Let w = -20893 - -33115. Calculate the greatest common divisor of w and 18.
18
Let i be 8/4 + (-14514)/(-8) + 1/(-4). What is the greatest common factor of i and 12?
4
Let a(s) = -70 + 18 + 26 - 8*s. Let d be a(-7). What is the greatest common factor of d and 270?
30
Let d = 11550 - 1308. What is the highest common divisor of d and 36?
18
Suppose 2*h - 4*n - 2 = 10, -h - 2*n + 6 = 0. Suppose 2*a - h = a. Let r = 10869 - 10863. What is the greatest common divisor of a and r?
6
Suppose 4*j - 4*y = -2*y - 3434, 3*y - 3431 = 4*j. Let x = -734 - j. What is the highest common factor of 198 and x?
18
Let l = 116 - 112. Suppose -65 - 159 = -l*c. Let t(i) = -i**3 - 4*i**2 - i + 4. Let f be t(-4). Calculate the highest common factor of f and c.
8
Suppose 569*p - 1760 = 514*p. What is the highest common factor of p and 28640?
32
Let o be (-5)/(-6)*(-8)/30 + (-31293576)/(-48276). What is the greatest common factor of 208 and o?
8
Let w = -7273 - -27618. Calculate the highest common factor of w and 130.
65
Suppose 0 = t + 4*c - 9, -5*t + 4*c + 33 = -12. Let m(y) = y**2 - 7*y + 6. Let x be m(t). Calculate the highest common divisor of 80 and x.
8
Suppose -5*b = -b, 90 = -2*k + 3*k - 4*b. What is the highest common factor of 4050 and k?
90
Suppose 0 = 17*k + 8*k - 100. Let m be 200/((k/3)/((-20)/(-15))). What is the highest common divisor of m and 8?
8
Let x be -13*27/45*25/(-15). Let a(n) = 4*n**3 + 2*n**2 + 4. Let k be a(3). Calculate the greatest common factor of x and k.
13
Let y(c) = 148*c - c**2 + 154*c - 296*c + 26. Let a be y(7). Suppose -5*x + 111 = -a. What is the highest common divisor of 26 and x?
26
Suppose -69*w + 73*w - 3 = -3*c, 2*w = 3*c + 15. Suppose -3*r = -g + 45, -5*r = -5*g + 3 + 232. What is the greatest common divisor of g and w?
3
Suppose -3*r - 5*c + 2 = 0, 2*c + 20 = 5*r + 7*c. Let x be (2634/27)/(-2) + (-2)/r. Let b = -38 - x. What is the highest common divisor of 176 and b?
11
Let q be (-80)/(-320) + (-10239)/(-4). What is the highest common factor of 800 and q?
160
Let i = -38 + 59. Let a be 1415/95 - (5 + (-1340)/95 - -9). What is the highest common factor of i and a?
3
Let x = 28088 - 27948. Let o be ((-6)/(-4))/((-12)/(-320)). Calculate the greatest common factor of o and x.
20
Let t be -61 + 63 + 7 + (0 - -1). Suppose -14 = 4*b - 98. Suppose 0 = t*p - b - 9. Calculate the highest common factor of p and 24.
3
Suppose 6*r - 11*r - 5*s + 90 = 0, -5*s = -3*r + 102. Suppose -3*z + n + 2020 - 215 = 0, 2*z + 5*n = 1175. Calculate the highest common factor of z and r.
24
Let g(x) = -7*x + 253. Let z be g(34). What is the greatest common factor of 14265 and z?
15
Let g(h) be the third derivative of 0*h - 3/2*h**3 - 5/24*h**4 - 3*h**2 + 0. Let d be g(-7). What is the highest common divisor of 286 and d?
26
Suppose -37 - 3 = -4*h. Suppose 5*i = -4*p + h, 2*i + 0*p - p - 4 = 0. Suppose i = k - 2. Calculate the highest common factor of 44 and k.
4
Let r = -395 + 416. Let c be 0 - ((0 - -2) + -233). Calculate the highest common factor of c and r.
21
Suppose -5*b - 28*l + 10 = -24*l, -2*b = l - 4. Suppose -h - k = -21, -7*h = -b*k - 41 - 115. Calculate the highest common factor of h and 550.
22
Let b be (106/265)/(1*1/90). Let m be b/81 + 446/9. What is the greatest common factor of m and 20?
10
Suppose -2*a + 27 + 7 = 0. Suppose n + 1 = a. Let z(w) = 22*w - 748. Let o be z(42). Calculate the greatest common divisor of o and n.
16
Suppose -56 = -f - f. Let s(z) = -z**2 + 20*z - 15. Suppose 6*x = -4*b + 2*x + 76, 0 = -5*x. Let n be s(b). What is the highest common factor of n and f?
4
Let c(x) = x**3 - 27*x**2 + 19*x - 13. Suppose -31*o - 504 = -1341. Let q be c(o). Calculate the greatest common divisor of q and 40.
20
Suppose 22*v - 3330 - 3464 = 5680. Calculate the greatest common factor of v and 2457.
189
Let j(v) = 2035*v + 18371. Let h be j(-9). Suppose 2*m + 22 = 3*y, 2*y + 32 = 4*y + 3*m. Let i = y + -3. Calculate the greatest common divisor of h and i.
7
Suppose -6*z + 47*z = 2214. What is the greatest common divisor of z and 9342?
54
Let f(v) = -v**3 - 21*v**2 + 3*v + 69. Let m be f(-21). Suppose 559*t - 573*t + 2604 = 0. What is the greatest common factor of t and m?
6
Suppose l = 2*l - 21. Let z = -13 + 328. Suppose -3*v + z - 12 = 5*a, -5*a + 299 = 4*v. Calculate the highest common factor of l and a.
21
Suppose -276 = 10*y + 4*y - 16*y. Calculate the highest common factor of y and 186.
6
Let t(a) = a**3 + 18*a**2 + 17*a + 24. Let u be t(-17). What is the highest common factor of u and 5232?
24
Let m be 45*(1 - (2/(-6) - -1)). Suppose 6*y + 972 = m*y. What is the highest common factor of y and 144?
36
Let c be 4/(3 + 1)*41. Let b = c + -36. Suppose 5*u - 75 = -3*f, f - b*u - 25 = -f. What is the highest common factor of 90 and f?
10
Let g(w) be the third derivative of -10*w**2 + 0 + 0*w - 2/3*w**3 - 4/3*w**4. Let a be g(-1). What is the highest common divisor of 7 and a?
7
Let f(u) = -u**3 + 3*u**2 + 6*u + 4. Let c be f(5). Let r = -13 - -12. Let x = r - c. Calculate the highest common factor of x and 3.
3
Let s(j) = -j**2 - 34*j - 20. Let f be s(-22). Suppose a - f = -4*l - 3*a, 0 = 3*l - 5*a - 215. Calculate the greatest common divisor of 39 and l.
13
Suppose -4*a = -254 - 706. Suppose 0 = 3*p + 12 - 6. Let y be 152/5 - p/(-5). What is the greatest common divisor of y and a?
30
Let a = 28 + -18. Suppose a*c - 15*c = -14400. Let h be c/63 + 4/14. What is the greatest common factor of h and 414?
46
Let w be (1 - 0)/(((-186)/(-540))/31). Let a = 3 - -5. Let g be 3/4 - (-234)/a. What is the highest common divisor of w and g?
30
Let s(z) = 3*z**2 - 7*z + 4. Suppose 3*c - 14 = 5*c. Let n = 11 + c. Let v be s(n). What is the highest common divisor of 96 and v?
24
Let h be ((-287)/(-123))/((-1)/(-117)). Let m be -3 - (-2 - (37 - -3)). What is the highest common factor of m and h?
39
Let y = -151 + 153. Suppose u = -2*u + 5*l + 91, -120 = -5*u + y*l. Calculate the greatest common divisor of 2 and u.
2
Let s = -40 - -78. Suppose -156 = -5*d + 509. Calculate the highest common factor of d and s.
19
Suppose 0 = -7*f + 2*f + 40. Let w = 35 - f. Suppose -w = -3*p + 2*s, -p + 5*s - 1 + 10 = 0. What is the highest common divisor of 15 and p?
3
Let p(r) = r**2 + 38*r + 173. Let j be p(-33). Calculate the highest common factor of j and 132.
4
Suppose 2*x - k = 1351, 3*k + 3 = -0. What is the greatest common factor of x and 63?
9
Suppose -5*c - 7*o + 4*o = -12, -3*c - o + 4 = 0. Suppose -6*q + 65 + 3367 = c. Calculate the highest common divisor of 44 and q.
44
Suppose -4*y = 1372*l - 1368*l - 92, 5*l = -y + 87. What is the highest common divisor of 147 and l?
1
Let i(k) = 94*k**2 + 181*k + 4. Let r be i(4). What is the greatest common divisor of 504 and r?
72
Suppose 118 = 32*q - 54 - 244. What is the highest common factor of 10686 and q?
13
Suppose 3*l + 602 - 608 = 0. Suppose 0 = -n + l*x + 14, 2*x = -n - 3*x. What is the greatest common factor of n and 8?
2
Let c(n) = 6 + 42*n - 28 - 4